3. Calculate the remainder when v is divided by d.
8
Suppose 2*f = -2*b + 50, -2*b + 3*b - 17 = -3*f. Calculate the remainder when 2/(-1 - (-87)/85) is divided by b.
27
Suppose -5*o = -4*o - 9. What is the remainder when 35 is divided by o?
8
Suppose -3*g + 18 = -g. What is the remainder when g is divided by 5?
4
Calculate the remainder when (-16)/6*5/8*-6 is divided by 5.
0
Suppose 3*t - 8 = -5*x + 3*x, 0 = 2*t - x - 17. Suppose -r + 10 = -0. What is the remainder when t is divided by ((-8)/(-10))/(2/r)?
2
Suppose 3*g = -g - 3*w - 168, -3*w - 123 = 3*g. Let j = 78 + g. What is the remainder when j is divided by 9?
6
Suppose 1 + 1 = g. Suppose g*b = b. Suppose 12 = -3*s, -2*r + 0*r + 3*s + 16 = b. Calculate the remainder when 5 is divided by r.
1
Let w be (1/3)/((-1)/(-15)). Suppose -2*z + z - 4*h = -5, 4*h + 7 = -w*z. What is the remainder when 34 is divided by 110/6 + 1/z?
16
What is the remainder when 25 is divided by -1 - -12 - (-48)/16?
11
Let j(p) = -p**3 + 4*p**2 + 5*p + 2. Let u be j(5). Suppose 3 = u*g - 35. Calculate the remainder when g is divided by 11.
8
Suppose 5*t + p - 180 = 6*p, -4*t - p = -169. What is the remainder when t is divided by 6?
5
Let q = 16 + -32. Let z = q + 40. Calculate the remainder when z is divided by 5.
4
Suppose p = q - 17, -2*p + 53 + 46 = 5*q. Let z = 16 + 20. Calculate the remainder when z is divided by q.
17
Suppose 5*w = -12 + 32, -5*s = -5*w + 50. What is the remainder when 32 is divided by (s + 5)/((-1)/11)?
10
Let u(r) = 3*r**2 + 5*r + 6. What is the remainder when u(-2) is divided by 2?
0
Suppose 0 = v - 5 - 0. Suppose 0 = v*z - 213 - 37. What is the remainder when z is divided by 13?
11
Let g(w) = -w - 2. Let s(q) = q. Let n(h) = -g(h) - 5*s(h). Calculate the remainder when n(-6) is divided by 14.
12
Let j be -2*(-3)/(-6)*-13. Let f = -9 + j. Calculate the remainder when 25 is divided by f/(-10) + 201/15.
12
What is the remainder when (7/3 + 2)/(28/168) is divided by 9?
8
Suppose 77 + 39 = 4*z. Calculate the remainder when 144 is divided by z.
28
Suppose 3*p + p = 24. Suppose 2*i = -b - p, 4*b + 4*i + 4 = -4. What is the remainder when 5 + 2/(-2)*1 is divided by b?
0
Let i = -48 - -82. Calculate the remainder when i is divided by 19.
15
Let u(k) = -2*k**3 - k - 2. Calculate the remainder when 61 is divided by u(-2).
13
Let i = 249 + -202. What is the remainder when i is divided by (-148)/(-6) + (-2)/3?
23
Let k = -20 + 63. Let w = -15 + 30. Calculate the remainder when k is divided by w.
13
Suppose 0 = -3*k + 4*z + 31, -4*k - z = 2*z - 58. Calculate the remainder when 89 is divided by k.
11
Suppose -4*t + t = -33. Suppose 6*y = y - 170. Let u = 54 + y. What is the remainder when u is divided by t?
9
What is the remainder when 49 is divided by (-9)/3*(-1)/(-3) + 19?
13
Let g(b) = 4*b + 2*b**2 - b**2 + 5 - 13*b. Suppose 0 = q - 6*q + p + 53, 3*q + 2*p - 24 = 0. What is the remainder when 43 is divided by g(q)?
13
Suppose 5*o + v = 990, 2*v + 0*v = o - 198. Suppose -2*g = 3*f - o, 3*f - 198 = -5*g + 2*g. Let i = f + -29. Calculate the remainder when i is divided by 13.
11
Let w(z) = 5*z - 9. Suppose 3*o + 2*h - 5*h = 12, -2*h + 10 = o. Calculate the remainder when 1 - ((-148)/4 - 3) is divided by w(o).
20
Suppose 0 = -s + 2. Calculate the remainder when (-5 - 21)*s/(-4) is divided by 8.
5
Suppose -5*s - 3*i = -2*i + 18, -3*i - 24 = 5*s. Let j = 36 + s. Calculate the remainder when j is divided by 12.
9
Suppose -2*f = 5*v + 19, -3*f + 0 = v - 4. What is the remainder when 10 is divided by f?
1
Suppose 2*m + 2*r - 5*r - 13 = 0, -3*r = 5*m - 1. Calculate the remainder when 5 is divided by m.
1
Let a(i) = 2*i**3 - 3*i**2 + 4*i - 2. Calculate the remainder when 37 is divided by a(2).
7
Let p(s) = 2*s**2 - 7*s + 6. Let w be p(5). Let m = -3 + w. Suppose 0 = -z + 38 - 28. What is the remainder when m is divided by z?
8
Let t = 457 + -278. Calculate the remainder when t is divided by 36.
35
Let i(a) = -9*a + 48. Suppose 3*u = -u. Calculate the remainder when i(4) is divided by (-5)/(-1) + u + 2.
5
Suppose -12*w + 15*w - 162 = 0. Calculate the remainder when w is divided by 11.
10
Let r(p) = -p**2 + 29*p - 15. Calculate the remainder when r(26) is divided by 11.
8
Let g(w) = w**3 + 5*w**2 - 3*w + 1. Let d be 10/(2/(-6) + 1). Suppose 5*r - h - 34 = d, -2*r + 17 = -3*h. Calculate the remainder when g(-4) is divided by r.
9
Suppose -5*h - 1 + 26 = 0. Suppose 9*f - 4*f = h, -2*x + 5*f = 5. What is the remainder when -2 + 4 - -9 - x is divided by 6?
5
Let c(g) = g**2 - 2. Let s be c(-2). Suppose 16 = -4*k, -11 = 5*m - s*k - 59. Let r = m - 3. What is the remainder when 17 is divided by r?
2
Let r(y) = 4 + y**2 - 5*y + 0*y**2 + 9. Let s be r(9). Let q = 108 - s. Calculate the remainder when q is divided by 20.
19
Let b be 9 + (-3)/3*3. Calculate the remainder when ((-6)/(-9))/(b/45) is divided by 6*(-2)/(-6)*1.
1
Let b(d) = -d**3 + 15*d**2 - 24*d + 9. Calculate the remainder when b(13) is divided by 12.
11
What is the remainder when 5/14*16 - (-38)/133 is divided by 3?
0
Let c = 57 + -40. What is the remainder when c is divided by 10?
7
Suppose 2*g - 5 = 5*r, 4*r = -1 + 13. Suppose 5*v = -3*n + 181, 5*n - 52 = -2*v + 9. Calculate the remainder when v is divided by g.
8
Let b(h) = h**3 + 7*h**2 + 2*h - 7. Let f(o) = -o**3 - 5*o**2 - 4. Calculate the remainder when f(-6) is divided by b(-6).
15
Let c(s) = -11*s + 2. What is the remainder when c(-2) is divided by (28 + -27)*1*13?
11
Let z = 105 + -36. Calculate the remainder when z is divided by 18.
15
Let r(z) = -7*z - z - 1 + 0. Suppose -9*j = -5*j - 48. What is the remainder when j is divided by r(-1)?
5
What is the remainder when 94 is divided by 256/20*(-15)/(-6)?
30
Suppose 3*h = h. Suppose 12 = t - h*t. Calculate the remainder when 34 is divided by t.
10
Let i(y) = -y**2 - 9*y - 5. Calculate the remainder when 6 is divided by i(-8).
0
Suppose v + p - 81 = 0, -2*v = 3*p + 5 - 167. Calculate the remainder when v is divided by 17.
13
Let u(c) = -c**3 + 12*c**2 - 7*c - 1. Calculate the remainder when u(11) is divided by 2/7 - (-75)/7.
10
Suppose -l + 64 = -5*l. Suppose -5*j + 10 = r, -7*r + 2*r = 3*j - 28. What is the remainder when (l/10)/((-2)/r) is divided by 2?
0
Suppose 4*y - 14 = -6. Suppose -8 + 25 = k - 3*s, y*k - 2*s = 34. Calculate the remainder when 65 is divided by k.
14
Suppose 2*v + 8 = 2*f - 4, 5*f - 3*v - 22 = 0. Calculate the remainder when 1743/33 - f/(-11) is divided by 18.
17
Let q be ((0 - -72)/3)/(-1). Let r = 12 - -1. What is the remainder when (-4 - -6)/((-2)/q) is divided by r?
11
Let p = -19 + 29. Let g(t) = -t - 6. Let y be g(-6). Suppose y*q - 56 = -2*q. Calculate the remainder when q is divided by p.
8
Calculate the remainder when 33 is divided by (-3 + 7 + -3)*15.
3
Calculate the remainder when 162 is divided by (-2 + -80)*(5 - 22/4).
39
Suppose -2*d - 3*d + 335 = 0. Suppose 112 = 11*l - 42. What is the remainder when d is divided by l?
11
Let x(r) = r**2 + r - 1. Let d be x(-3). Suppose d*a = 29 + 36. Calculate the remainder when (-141)/(-6) + 1/2 is divided by a.
11
Let u = 288 - 183. Calculate the remainder when u is divided by 37.
31
Let t = 45 - 30. Calculate the remainder when 28 is divided by t.
13
Let g(h) = -h**3 - 15*h**2 + 2. What is the remainder when g(-15) is divided by 2?
0
Let r(p) = p**3 + 8*p**2 - 21*p + 4. Calculate the remainder when 54 is divided by r(-10).
12
Let g(j) = -j**3 + 4*j**2 - j - 4. Let l(c) = -3*c**2 - c - 2. Let d be l(-2). Let u = -7 - d. Calculate the remainder when u is divided by g(3).
1
Calculate the remainder when (6/(-4))/(3/(-6)) is divided by 1.
0
Let a = 6 - 3. Suppose -n + 5 = 0, 3*l - 2*l - 3*n = -a. Calculate the remainder when 23 is divided by l.
11
Suppose -4*v = -v - 174. What is the remainder when v is divided by 15?
13
Let z(l) = -3*l + 1. Let i be z(10). Let c = i + 45. What is the remainder when 46 is divided by c?
14
Let o(k) = -k**2 + 7*k + 10. Calculate the remainder when 4 is divided by o(8).
0
Let n = 27 + -19. Let v = 14 + 16. What is the remainder when v is divided by n?
6
Suppose -2*t = 0, -3*t - 78 = -3*z - 2*t. What is the remainder when z is divided by 9?
8
Let i(w) = w + 14. Let h be i(-10). Suppose 3*g = -g + h. Let x(a) = a**2 - a - 1. Calculate the remainder wh